f 31?
False
Does 19 divide 29891?
False
Is 94850 a multiple of 13?
False
Does 2248 divide 16650936?
True
Is 4294 a multiple of 130?
False
Does 21 divide 14610835?
False
Is 229338 a multiple of 274?
True
Is 149 a factor of 1593479?
False
Is 13 a factor of 90202?
False
Is 49 a factor of 63449?
False
Is 33 a factor of 98637?
True
Is 216550 a multiple of 122?
True
Does 2 divide 9642?
True
Is 93060 a multiple of 198?
True
Is 440 a factor of 1082131?
False
Does 153 divide 6846783?
False
Is 734004 a multiple of 6?
True
Is 196336 a multiple of 16?
True
Does 118 divide 1992160?
False
Does 2 divide 68438?
True
Is 132975 a multiple of 7?
False
Does 771 divide 4900642?
False
Is 69 a factor of 4211424?
False
Does 504 divide 323568?
True
Does 501 divide 3078685?
False
Is 36935 a multiple of 4?
False
Is 69 a factor of 3845232?
True
Is 357 a factor of 367710?
True
Does 319 divide 216152?
False
Does 47 divide 6016?
True
Does 123 divide 435952?
False
Is 1034443 a multiple of 26?
False
Is 442 a factor of 768276?
False
Is 61 a factor of 1915181?
False
Is 176 a factor of 166830?
False
Is 22 a factor of 144051?
False
Is 11612826 a multiple of 63?
False
Does 18 divide 243418?
False
Does 36 divide 26204?
False
Is 275141 a multiple of 359?
False
Does 22 divide 65340?
True
Is 31 a factor of 4047825?
True
Is 75852 a multiple of 252?
True
Does 67 divide 94581?
False
Does 40 divide 9228297?
False
Is 907088 a multiple of 5?
False
Does 87 divide 84825?
True
Is 458 a factor of 2109548?
True
Is 13680 a multiple of 19?
True
Is 1438 a factor of 18161940?
True
Is 3569000 a multiple of 83?
True
Is 204 a factor of 9149808?
True
Does 116 divide 11562300?
True
Is 889290 a multiple of 205?
True
Is 151 a factor of 250509?
True
Is 35784 even?
True
Is 2590740 a multiple of 15?
True
Is 35 a factor of 2236325?
True
Is 37 a factor of 261124?
False
Is 729486 a multiple of 38?
True
Is 26 a factor of 488436?
True
Is 1771945 a multiple of 35?
True
Is 309304 a multiple of 328?
True
Is 64 a factor of 1011776?
True
Is 5 a factor of 459790?
True
Is 1333806 a multiple of 186?
True
Does 26 divide 299692?
False
Does 905 divide 35065?
False
Is 439031 a multiple of 181?
False
Is 253 a factor of 2359731?
True
Does 402 divide 358584?
True
Does 5 divide 3243?
False
Does 135 divide 392580?
True
Is 7676 a multiple of 4?
True
Is 36685 a multiple of 32?
False
Is 10 a factor of 82593?
False
Is 116 a factor of 10301?
False
Is 252961 a multiple of 886?
False
Does 424 divide 19189?
False
Does 50 divide 28798?
False
Is 296 a factor of 126096?
True
Does 245 divide 319480?
True
Does 25 divide 354600?
True
Does 14 divide 290413?
False
Is 447356 a multiple of 91?
True
Is 3 a factor of 105990?
True
Does 115 divide 397785?
True
Is 6700648 a multiple of 101?
False
Is 390 a factor of 10342410?
True
Is 8953 a multiple of 9?
False
Is 258482 a multiple of 7?
True
Is 15 a factor of 356491?
False
Is 3914316 a multiple of 98?
True
Is 615366 a multiple of 51?
True
Is 99503 a multiple of 42?
False
Does 18 divide 685536?
False
Is 9 a factor of 855297?
True
Does 145 divide 1911236?
False
Is 5765529 a multiple of 11?
True
Is 11 a factor of 901757?
False
Does 147 divide 4823511?
True
Is 72246 a multiple of 440?
False
Is 63971 a multiple of 17?
True
Does 481 divide 7857616?
True
Is 1684448 a multiple of 28?
False
Is 5027192 a multiple of 52?
False
Does 29 divide 20394126?
False
Does 108 divide 194292?
True
Is 37208 a multiple of 35?
False
Does 505 divide 21227170?
True
Does 45 divide 774172?
False
Is 1235733 a multiple of 78?
False
Does 64 divide 1126159?
False
Is 2328021 a multiple of 142?
False
Is 5936480 a multiple of 679?
False
Is 21 a factor of 5281001?
False
Is 128 a factor of 2273139?
False
Is 47 a factor of 29173?
False
Does 26 divide 480090?
True
Does 33 divide 162552?
False
Is 874 a factor of 811072?
True
Is 972226 a multiple of 101?
True
Is 1667864 a multiple of 120?
False
Is 99 a factor of 101277?
True
Is 75645 a multiple of 6?
False
Is 264068 a multiple of 49?
False
Is 737756 a multiple of 183?
False
Is 169 a factor of 4101461?
True
Is 254263 a multiple of 251?
True
Is 164 a factor of 518404?
True
Is 104 a factor of 198016?
True
Is 1250 a factor of 7578623?
False
Does 108 divide 2021821?
False
Is 34 a factor of 1863676?
True
Is 1813162 a multiple of 13?
True
Does 96 divide 2306496?
True
Does 1208 divide 4932135?
False
Is 219617 a multiple of 54?
False
Does 1365 divide 5739216?
False
Is 5429440 a multiple of 320?
True
Does 161 divide 24919258?
True
Does 85 divide 938070?
False
Does 962 divide 5996720?
False
Does 10 divide 279480?
True
Is 196 a factor of 202076?
True
Is 41681 a multiple of 4?
False
Does 4 divide 389544?
True
Does 16 divide 10343072?
True
Is 130 a factor of 435969?
False
Does 4 divide 78124?
True
Is 243486 a multiple of 167?
True
Is 3 a factor of 61821?
True
Does 353 divide 167650?
False
Is 7 a factor of 21670?
False
Is 97290 a multiple of 203?
False
Is 29 a factor of 89204?
True
Does 156 divide 5943449?
False
Is 153 a factor of 629595?
True
Is 35 a factor of 20860?
True
Is 144 a factor of 103104?
True
Is 59 a factor of 56664?
False
Is 106480 a multiple of 5?
True
Is 1947 a factor of 31936641?
True
Does 30 divide 8169570?
True
Is 7425670 a multiple of 430?
True
Is 348 a factor of 30972?
True
Is 174 a factor of 3419622?
True
Is 3356 a multiple of 2?
True
Does 7 divide 2898939?
False
Is 179872 a multiple of 44?
True
Does 2 divide 162327?
False
Is 4140165 a multiple of 883?
False
Is 17 a factor of 2077502?
True
Does 21 divide 788219?
False
Is 5328236 a multiple of 173?
False
Does 432 divide 1174380?
False
Is 147701 a multiple of 60?
False
Is 533513 a multiple of 51?
False
Does 18 divide 52651?
False
Is 89 a factor of 786315?
True
Does 67 divide 1101012?
False
Is 132 a factor of 166056?
True
Is 27 a factor of 1394573?
False
Is 6243765 a multiple of 55?
True
Does 137 divide 276864?
False
Is 142544 a multiple of 59?
True
Is 8251621 a multiple of 339?
False
Is 26435 a multiple of 64?
False
Is 384276 a multiple of 62?
True
Is 13 a factor of 441415?
True
Does 61 divide 39162?
True
Is 82 a factor of 1946680?
True
Does 665 divide 3352265?
True
Is 175 a factor of 2154529?
False
Does 8 divide 232865?
False
Is 261168 a multiple of 12?
True
Does 48 divide 1475128?
False
Is 103361 a multiple of 191?
False
Is 857 a factor of 676143?
False
Is 206148 a multiple of 41?
True
Does 11 divide 1119851?
False
Is 38 a factor of 99864?
True
Is 5376900 a multiple of 280?
False
Is 108065 a multiple of 18?
False
Is 10 a factor of 395950?
True
Is 835200 a multiple of 75?
True
Is 2116 a multiple of 8?
False
Is 61 a factor of 29768?
True
Is 9 a factor of 4488175?
False
Is 382024 even?
True
Is 175 a factor of 105175?
True
Is 129846 a multiple of 6?
True
Does 149 divide 453541?
False
Is 11 a factor of 321857?
False
Does 5 divide 2045030?
True
Is 18 a factor of 2358072?
True
Is 167931 a multiple of 47?
True
Is 1653488 a multiple of 31?
False
Does 221 divide 4829734?
True
Is 86 a factor of 240026?
True
Is 4296513 a multiple of 13?
True
Does 8 divide 153109?
False
Is 265 a factor of 630867?
False
Does 23 divide 140530?
True
Is 429 a factor of 178521?
False
Does 8 divide 69594?
False
Does 36 divide 12129?
False
Does 14 divide 117312?
False
Does 309 divide 1268082?
False
Is 274643 a multiple of 59?
False
Is 13 a factor of 198119?
False
Is 8 a factor of 1984306?
False
Does 4 divide 57078?
False
Is 79 a factor of 9603743?
False
Does 21 divide 52866?
False
Does 434 divide 10830036?
True
Does 114 divide 1517112?
True
Is 3 a factor of 361353?
True
Is 7 a factor of 826567?
True
Is 216 a factor of 14344992?
True
Is 27 a factor of 19001467?
False
Is 24076 a multiple of 26?
True
Does 32 divide 197184?
True
Is 443 a factor of 1961604?
True
Does 51 divide 295494?
True
Is 14 a factor of 122277?
False
Is 343735 a multiple of 23?
True
Is 926415 a multiple of 63?
True
Does 10 divide 578130?
True
Is 227888 a multiple of 367?
False
Is 3268344 a multiple of 1032?
True
Is 255 a factor of 85170?
True
Does 323 divide 4654872?
False
Is 5 a factor of 257105?
True
Is 2494 a multiple of 3?
False
Is 158592 a multiple of 42?
True
Is 531840 a multiple of 160?
True
Is 107544 a multiple of 85?
False
Is 4 a factor of 184618?
False
Is 2092429 a multiple of 9?
False
Does 32 d